{"id":46,"date":"2016-09-30T13:59:01","date_gmt":"2016-09-30T16:59:01","guid":{"rendered":"http:\/\/kavantan.com.br\/2016\/?page_id=46"},"modified":"2019-10-31T18:32:34","modified_gmt":"2019-10-31T21:32:34","slug":"palestras-realizadas","status":"publish","type":"page","link":"https:\/\/kavantan.com.br\/2016\/cursos\/palestras-realizadas\/","title":{"rendered":"Palestras realizadas"},"content":{"rendered":"<p><img loading=\"lazy\" decoding=\"async\" class=\"aligncenter size-full wp-image-387\" src=\"http:\/\/kavantan.com.br\/2016\/wp-content\/uploads\/2016\/09\/Cursos_realizados_1400x400.jpg\" alt=\"cursos_realizados_1400x400\" width=\"1400\" height=\"401\" srcset=\"https:\/\/kavantan.com.br\/2016\/wp-content\/uploads\/2016\/09\/Cursos_realizados_1400x400.jpg 1400w, https:\/\/kavantan.com.br\/2016\/wp-content\/uploads\/2016\/09\/Cursos_realizados_1400x400-300x86.jpg 300w, https:\/\/kavantan.com.br\/2016\/wp-content\/uploads\/2016\/09\/Cursos_realizados_1400x400-768x220.jpg 768w, https:\/\/kavantan.com.br\/2016\/wp-content\/uploads\/2016\/09\/Cursos_realizados_1400x400-1024x293.jpg 1024w\" sizes=\"auto, (max-width: 1400px) 100vw, 1400px\" \/><\/p>\n<p><b>PALESTRAS SOBRE PRODU\u00c7\u00c3O E MARKETING CULTURAL<\/b><\/p>\n<p><b>2013<\/b><\/p>\n<ul>\n<li>\u00a0PALESTRA DE PRODU\u00c7\u00c3O CULTURAL \u2013 CAPACITA\u00c7\u00c3O SUB-PREFEITURA DA MOOCA (S\u00c3O PAULO \/ SP)<\/li>\n<\/ul>\n<p><b>\u00a0<\/b><\/p>\n<p><b>2010<\/b><\/p>\n<ul>\n<li>\u00a0PALESTRA DE MARKETING CULTURAL \u2013 SEMANA CASSIANO RICARDO (S\u00c3O JOS\u00c9 DOS CAMPOS \/ SP)<\/li>\n<\/ul>\n<p><b>\u00a0<\/b><\/p>\n<p><b>2009<\/b><\/p>\n<ul>\n<li>\u00a0A PRODU\u00c7\u00c3O TEATRAL \u2013 FUNDA\u00c7\u00c3O CASSIANO RICARDO (S\u00c3O JOS\u00c9 DOS CAMPOS \/ SP)<\/li>\n<\/ul>\n<p><b>\u00a0<\/b><\/p>\n<p><b>2008<\/b><\/p>\n<ul>\n<li>\u00a0PALESTRA SOBRE MARKETING CULTURAL \u2013 ACIPI (Associa\u00e7\u00e3o Comercial e Industrial) (Piracicaba);<\/li>\n<li>\u00a0A FUN\u00c7\u00c3O DO PRODUTOR CULTURAL E DO AGENCIADOR DE RECURSOS \u2013 1\u00ba F\u00d3RUM DE PRODU\u00c7\u00c3O CUTURAL (Goi\u00e2nia);<\/li>\n<\/ul>\n<p><b>\u00a0<\/b><\/p>\n<p><b>2007<\/b><\/p>\n<ul>\n<li>PALESTRA SOBRE MARKETING E PRODU\u00c7\u00c3O CULTURAL P\/ O PROJETO \u201cREVELE SUA CIDADE 2\u201d\u00a0 (Funda\u00e7\u00e3o Cultural Jos\u00e9 Maria de Abreu \u2013 JACARE\u00cd \u2013 SP)<\/li>\n<li>PALESTRA SOBRE MARKETING E PRODU\u00c7\u00c3O CULTURAL P\/ O PROJETO \u201cREVELE SUA CIDADE 2\u201d (Teatro Municipal \u2013 GUARAREMA \u2013 SP)<\/li>\n<li>PALESTRA SOBRE MARKETING E PRODU\u00c7\u00c3O CULTURAL P\/ O PROJETO \u201cREVELE SUA CIDADE 2\u201d\u00a0 (Cine Vogue \u2013 CA\u00c7APAVA \u2013 SP)<\/li>\n<li>PALESTRA SOBRE MARKETING E PRODU\u00c7\u00c3O CULTURAL P\/ O PROJETO \u201cREVELE SUA CIDADE 2\u201d (Casar\u00e3o do Carmo \u2013 MOGI DAS CRUZES \u2013 SP)<\/li>\n<li>PALESTRA SOBRE MARKETING E PRODU\u00c7\u00c3O CULTURAL P\/ O PROJETO \u201cREVELE SUA CIDADE 2\u201d (Secretaria de Educa\u00e7\u00e3o \u2013 ITAQUAQUECETUBA \u2013 SP)<\/li>\n<\/ul>\n<p><b>\u00a0<\/b><\/p>\n<p><b>2006<\/b><\/p>\n<ul>\n<li>FORMATA\u00c7\u00c3O DE PROJETOS CULTURAIS \u2013 Treinamento do Edital do FunCultura Fevereiro 2006 (Guarulhos \u2013 SP)<\/li>\n<\/ul>\n<p><b>\u00a0<\/b><\/p>\n<p><b>2005<\/b><\/p>\n<ul>\n<li>UNICENTRO BELAS ARTES DE S\u00c3O PAULO \u2013 IV SEMANA CULTURAL \u2013 Marketing Cultural como Estrat\u00e9gia de Comunica\u00e7\u00e3o (S\u00e3o Paulo \u2013 SP)<\/li>\n<li>FORMATA\u00c7\u00c3O DE PROJETOS CULTURAIS \u2013 Treinamento do Edital do FunCultura Mar\u00e7o 2005 (Guarulhos \u2013 SP)<\/li>\n<\/ul>\n<p><b>\u00a0<\/b><\/p>\n<p><b>2004<\/b><\/p>\n<ul>\n<li>CICLO DE PALESTRAS PRODU\u00c7\u00c2O TEATRAL \u2013 DO ENSAIO AO P\u00daBLICO \u2013 Capta\u00e7\u00e3o De Recursos Para Projetos Teatrais (Guarulhos \u2013 SP)<\/li>\n<li>CICLO DE PALESTRAS PRODU\u00c7\u00c3O TEATRAL \u2013 DO ENSAIO AO P\u00daBLICO \u2013 Elabora\u00e7\u00e3o E Formata\u00e7\u00e3o De Projetos Teatrais (Guarulhos \u2013 SP)<\/li>\n<li>CICLO DE PALESTRAS PRODU\u00c7A\u00d5 TEATRAL \u2013 DO ENSAIO AO P\u00daBLICO \u2013 Leis De Incentivo Ao Teatro (Guarulhos \u2013 SP)<\/li>\n<li>CURSO DE ESPECIALIZA\u00c7\u00c3O EM ADMINISTRA\u00c7\u00c3O COM \u00caNFASE EM MARKETING para funcion\u00e1rios da FORD organizado pela FIA \u2013 Palestra de Marketing Cultural (S\u00e3o Bernardo do Campo \u2013 SP)<\/li>\n<li>FORMATA\u00c7\u00c3O DE PROJETOS CULTURAIS \u2013 Treinamento do Edital do FunCultura Abril 2004 (Guarulhos \u2013 SP)<\/li>\n<\/ul>\n<p>&nbsp;<\/p>\n<p><b>2003<\/b><\/p>\n<ul>\n<li>CISNE NEGRO \u2013 Marketing Cultural E Lei De Incentivo Fiscal (S\u00e3o Paulo)<\/li>\n<li>POL\u00cdTICAS CULTURAIS NA DAN\u00c7A \u2013 Como Usufruir o Incentivo Cultural para Dan\u00e7a \u2013\u00a0 SESC Santos (Santos \u2013 SP)<\/li>\n<li>SEMIN\u00c1RIO REGIONAL DE CULTURA DO GRANDE ABC \u2013 Desafios da complexidade cultural.\u00a0(Santo Andr\u00e9 \u2013 SP)<\/li>\n<\/ul>\n<ul>\n<li>I ENCONTRO DE PROMOTORES DE CULTURA DO COOPERATIVISMO \u2013 Porque Investir em Cultura (S\u00e3o Paulo)<\/li>\n<\/ul>\n<p>&nbsp;<\/p>\n<p><b>2002<\/b><\/p>\n<ul>\n<li>SEMANA PRO.MARQU\u00caS \u2013 UNIP \u2013 Marketing Cultural (S\u00e3o Paulo)<\/li>\n<li>SEMIN\u00c1RIO DE MARKETING CULTURAL \u2013 Comunica\u00e7\u00e3o, Marketing e Produ\u00e7\u00e3o Cultural (Goi\u00e2nia \u2013 GO)<\/li>\n<li>II SEMIN\u00c1RIO DOS BENS CULTURAIS DA IGREJA \u2013 Marketing Cultural (S\u00e3o Paulo)<\/li>\n<\/ul>\n<p>&nbsp;<\/p>\n<p><b>2001<\/b><\/p>\n<ul>\n<li>1\u00ba MARKETING CULTURAL \u2013 Principais Qualidades das Leis (S\u00e3o Paulo)<\/li>\n<\/ul>\n<p><b>\u00a0<\/b><\/p>\n<p><b>2000<\/b><\/p>\n<ul>\n<li>1\u00ba WORKSHOP DE MARKETING CULTURAL \u2013 A Produ\u00e7\u00e3o Cultural e as Leis de Incentivo \u00c0 Cultura no Brasil (S\u00e3o Paulo)<\/li>\n<\/ul>\n<p>&nbsp;<\/p>\n<p><b>1999<\/b><\/p>\n<ul>\n<li>SEMIN\u00c1RIO RUMO AO S\u00c9CULO XXI \u2013 A\u00e7\u00f5es de Marketing Cultural: o retorno para as empresas (Tiradentes)<\/li>\n<li>4\u00aa SEMANA DE COMUNICA\u00c7\u00c3O \u2013 Capta\u00e7\u00e3o de Recursos (Piracicaba \u2013 SP)<\/li>\n<li>II MOSTRA BRASILEIRA DE TEATRO DE GRUPO \u2013 Formata\u00e7\u00e3o de Projetos Culturais (S\u00e3o Paulo)<\/li>\n<\/ul>\n<p>&nbsp;<\/p>\n<p><b>1998<\/b><\/p>\n<ul>\n<li>I SIMP\u00d3SIO C\u00c1SPER L\u00cdBERO DE PRODUCAO E MARKETIN CULTURAL \u2013 Hist\u00f3rico do Marketing Cultural (S\u00e3o Paulo)<\/li>\n<li>3\u00aa SEMANA DE COMUNICA\u00c7\u00c3O \u2013 Cinema em nosso pa\u00eds hoje (Piracicaba \u2013 SP)<\/li>\n<li>II SEMANA DE PUBLICIDADE E PROPAGANDA \u2013 Marketing Cultural (Valinhos \u2013 SP)<\/li>\n<\/ul>\n<p>&nbsp;<\/p>\n<p><b>1997<\/b><\/p>\n<ul>\n<li>ROTARY CLUB \u2013 Vila Alpina \u2013 Lei de Incentivo Fiscal para \u00c1rea Cultural (S\u00e3o Paulo)<\/li>\n<li>III SEMANA VLADIMIR HERZOG \u2013 Produ\u00e7\u00e3o Cultural (S\u00e3o Paulo)<\/li>\n<li>I SEMIN\u00c1RIO PARANAENSE DE PRODU\u00c7\u00c3O E MARKETING CULTURAL \u2013 Mercado e o Produto Cultural (Paran\u00e1 \u2013 PR)<\/li>\n<li>PALESTRANDO IV \u2013 Profiss\u00f5es: olhando para o s\u00e9culo XXI \u2013 Cinema (S\u00e3o Paulo)<\/li>\n<li>TRANSMUTA\u00c7\u00c3O CULTURAL NO GRANDE ABC \u2013 Legisla\u00e7\u00e3o Brasileira de Incentivo \u00e0 Cultura (S\u00e3o Caetano do Sul \u2013 SP)<\/li>\n<li>CURSO DE RELA\u00c7\u00d5ES P\u00daBLICAS \u2013 ECA \u2013 USP \u2013 Produ\u00e7\u00e3o e Marketing Cultural (S\u00e3o Paulo)<\/li>\n<li>CICLO DE WORKSHOPS PARA ESTAGI\u00c1RIOS \u201cA UNIVERSIDADE NO MUSEU\u201d \u2013 As Leis de Incentivo Fiscal e a Capta\u00e7\u00e3o de Recursos (S\u00e3o Paulo)<\/li>\n<li>MARKETING DO ENTRETENIMENTO \u2013 Leis de Incentivo ao Marketing Cultural, Rouanet e Lei de Audiovisual (S\u00e3o Paulo)<\/li>\n<\/ul>\n<p><b>\u00a0<\/b><\/p>\n<p><b>1996<\/b><\/p>\n<ul>\n<li>ROTARY CLUB \u2013 Parque S\u00e3o Lucas \u2013 Incentivos Fiscais na \u00c1rea Cultural (S\u00e3o Paulo)<\/li>\n<li>ROTARY CLUB \u2013 Anchieta \u2013 Marketing Cultural (S\u00e3o Paulo)<\/li>\n<\/ul>\n<p>&nbsp;<\/p>\n<p><b>1990<\/b><\/p>\n<ul>\n<li>OFICINA CULTURAL OSWALD DE ANDRADE \u2013 Semin\u00e1rio De Produ\u00e7\u00e3o Teatral (S\u00e3o Paulo)<\/li>\n<\/ul>\n","protected":false},"excerpt":{"rendered":"<p>PALESTRAS SOBRE PRODU\u00c7\u00c3O E MARKETING CULTURAL 2013 \u00a0PALESTRA DE PRODU\u00c7\u00c3O CULTURAL \u2013 [&hellip;]<\/p>\n","protected":false},"author":1,"featured_media":0,"parent":42,"menu_order":0,"comment_status":"closed","ping_status":"closed","template":"page-templates\/page_fullwidth.php","meta":{"_monsterinsights_skip_tracking":false,"_monsterinsights_sitenote_active":false,"_monsterinsights_sitenote_note":"","_monsterinsights_sitenote_category":0,"spay_email":"","footnotes":""},"class_list":["post-46","page","type-page","status-publish","hentry"],"yoast_head":"<!-- This site is optimized with the Yoast SEO plugin v18.0 - https:\/\/yoast.com\/wordpress\/plugins\/seo\/ -->\n<title>Palestras realizadas &ndash; Kavantan Projetos e Eventos Culturais<\/title>\n<meta name=\"robots\" content=\"index, follow, max-snippet:-1, max-image-preview:large, max-video-preview:-1\" \/>\n<link rel=\"canonical\" href=\"https:\/\/kavantan.com.br\/2016\/cursos\/palestras-realizadas\/\" \/>\n<meta property=\"og:locale\" content=\"pt_BR\" \/>\n<meta property=\"og:type\" content=\"article\" \/>\n<meta property=\"og:title\" content=\"Palestras realizadas &ndash; Kavantan Projetos e Eventos Culturais\" \/>\n<meta property=\"og:description\" content=\"PALESTRAS SOBRE PRODU\u00c7\u00c3O E MARKETING CULTURAL 2013 \u00a0PALESTRA DE PRODU\u00c7\u00c3O CULTURAL \u2013 [&hellip;]\" \/>\n<meta property=\"og:url\" content=\"https:\/\/kavantan.com.br\/2016\/cursos\/palestras-realizadas\/\" \/>\n<meta property=\"og:site_name\" content=\"Kavantan Projetos e Eventos Culturais\" \/>\n<meta property=\"article:publisher\" content=\"https:\/\/www.facebook.com\/KavantanCultural\/\" \/>\n<meta property=\"article:modified_time\" content=\"2019-10-31T21:32:34+00:00\" \/>\n<meta property=\"og:image\" content=\"http:\/\/kavantan.com.br\/2016\/wp-content\/uploads\/2016\/09\/Cursos_realizados_1400x400.jpg\" \/>\n<meta name=\"twitter:card\" content=\"summary\" \/>\n<meta name=\"twitter:label1\" content=\"Est. tempo de leitura\" \/>\n\t<meta name=\"twitter:data1\" content=\"4 minutos\" \/>\n<script type=\"application\/ld+json\" class=\"yoast-schema-graph\">{\"@context\":\"https:\/\/schema.org\",\"@graph\":[{\"@type\":\"Organization\",\"@id\":\"https:\/\/kavantan.com.br\/2016\/#organization\",\"name\":\"Kavantan Projetos e Eventos Culturais\",\"url\":\"https:\/\/kavantan.com.br\/2016\/\",\"sameAs\":[\"https:\/\/www.facebook.com\/KavantanCultural\/\",\"http:\/\/instagram.com\/KavantanCultural\",\"https:\/\/www.youtube.com\/channel\/UCb9iwGfNUFnBax2SqznpQYA\"],\"logo\":{\"@type\":\"ImageObject\",\"@id\":\"https:\/\/kavantan.com.br\/2016\/#logo\",\"inLanguage\":\"pt-BR\",\"url\":\"https:\/\/kavantan.com.br\/2016\/wp-content\/uploads\/2016\/09\/Kavantan_319x100.jpg\",\"contentUrl\":\"https:\/\/kavantan.com.br\/2016\/wp-content\/uploads\/2016\/09\/Kavantan_319x100.jpg\",\"width\":319,\"height\":100,\"caption\":\"Kavantan Projetos e Eventos Culturais\"},\"image\":{\"@id\":\"https:\/\/kavantan.com.br\/2016\/#logo\"}},{\"@type\":\"WebSite\",\"@id\":\"https:\/\/kavantan.com.br\/2016\/#website\",\"url\":\"https:\/\/kavantan.com.br\/2016\/\",\"name\":\"Kavantan Projetos e Eventos Culturais\",\"description\":\"\",\"publisher\":{\"@id\":\"https:\/\/kavantan.com.br\/2016\/#organization\"},\"potentialAction\":[{\"@type\":\"SearchAction\",\"target\":{\"@type\":\"EntryPoint\",\"urlTemplate\":\"https:\/\/kavantan.com.br\/2016\/?s={search_term_string}\"},\"query-input\":\"required name=search_term_string\"}],\"inLanguage\":\"pt-BR\"},{\"@type\":\"ImageObject\",\"@id\":\"https:\/\/kavantan.com.br\/2016\/cursos\/palestras-realizadas\/#primaryimage\",\"inLanguage\":\"pt-BR\",\"url\":\"http:\/\/kavantan.com.br\/2016\/wp-content\/uploads\/2016\/09\/Cursos_realizados_1400x400.jpg\",\"contentUrl\":\"http:\/\/kavantan.com.br\/2016\/wp-content\/uploads\/2016\/09\/Cursos_realizados_1400x400.jpg\"},{\"@type\":\"WebPage\",\"@id\":\"https:\/\/kavantan.com.br\/2016\/cursos\/palestras-realizadas\/#webpage\",\"url\":\"https:\/\/kavantan.com.br\/2016\/cursos\/palestras-realizadas\/\",\"name\":\"Palestras realizadas &ndash; Kavantan Projetos e Eventos Culturais\",\"isPartOf\":{\"@id\":\"https:\/\/kavantan.com.br\/2016\/#website\"},\"primaryImageOfPage\":{\"@id\":\"https:\/\/kavantan.com.br\/2016\/cursos\/palestras-realizadas\/#primaryimage\"},\"datePublished\":\"2016-09-30T16:59:01+00:00\",\"dateModified\":\"2019-10-31T21:32:34+00:00\",\"breadcrumb\":{\"@id\":\"https:\/\/kavantan.com.br\/2016\/cursos\/palestras-realizadas\/#breadcrumb\"},\"inLanguage\":\"pt-BR\",\"potentialAction\":[{\"@type\":\"ReadAction\",\"target\":[\"https:\/\/kavantan.com.br\/2016\/cursos\/palestras-realizadas\/\"]}]},{\"@type\":\"BreadcrumbList\",\"@id\":\"https:\/\/kavantan.com.br\/2016\/cursos\/palestras-realizadas\/#breadcrumb\",\"itemListElement\":[{\"@type\":\"ListItem\",\"position\":1,\"name\":\"In\u00edcio\",\"item\":\"https:\/\/kavantan.com.br\/2016\/\"},{\"@type\":\"ListItem\",\"position\":2,\"name\":\"Cursos\",\"item\":\"https:\/\/kavantan.com.br\/2016\/cursos\/\"},{\"@type\":\"ListItem\",\"position\":3,\"name\":\"Palestras realizadas\"}]}]}<\/script>\n<!-- \/ Yoast SEO plugin. -->","yoast_head_json":{"title":"Palestras realizadas &ndash; Kavantan Projetos e Eventos Culturais","robots":{"index":"index","follow":"follow","max-snippet":"max-snippet:-1","max-image-preview":"max-image-preview:large","max-video-preview":"max-video-preview:-1"},"canonical":"https:\/\/kavantan.com.br\/2016\/cursos\/palestras-realizadas\/","og_locale":"pt_BR","og_type":"article","og_title":"Palestras realizadas &ndash; Kavantan Projetos e Eventos Culturais","og_description":"PALESTRAS SOBRE PRODU\u00c7\u00c3O E MARKETING CULTURAL 2013 \u00a0PALESTRA DE PRODU\u00c7\u00c3O CULTURAL \u2013 [&hellip;]","og_url":"https:\/\/kavantan.com.br\/2016\/cursos\/palestras-realizadas\/","og_site_name":"Kavantan Projetos e Eventos Culturais","article_publisher":"https:\/\/www.facebook.com\/KavantanCultural\/","article_modified_time":"2019-10-31T21:32:34+00:00","og_image":[{"url":"http:\/\/kavantan.com.br\/2016\/wp-content\/uploads\/2016\/09\/Cursos_realizados_1400x400.jpg"}],"twitter_card":"summary","twitter_misc":{"Est. tempo de leitura":"4 minutos"},"schema":{"@context":"https:\/\/schema.org","@graph":[{"@type":"Organization","@id":"https:\/\/kavantan.com.br\/2016\/#organization","name":"Kavantan Projetos e Eventos Culturais","url":"https:\/\/kavantan.com.br\/2016\/","sameAs":["https:\/\/www.facebook.com\/KavantanCultural\/","http:\/\/instagram.com\/KavantanCultural","https:\/\/www.youtube.com\/channel\/UCb9iwGfNUFnBax2SqznpQYA"],"logo":{"@type":"ImageObject","@id":"https:\/\/kavantan.com.br\/2016\/#logo","inLanguage":"pt-BR","url":"https:\/\/kavantan.com.br\/2016\/wp-content\/uploads\/2016\/09\/Kavantan_319x100.jpg","contentUrl":"https:\/\/kavantan.com.br\/2016\/wp-content\/uploads\/2016\/09\/Kavantan_319x100.jpg","width":319,"height":100,"caption":"Kavantan Projetos e Eventos Culturais"},"image":{"@id":"https:\/\/kavantan.com.br\/2016\/#logo"}},{"@type":"WebSite","@id":"https:\/\/kavantan.com.br\/2016\/#website","url":"https:\/\/kavantan.com.br\/2016\/","name":"Kavantan Projetos e Eventos Culturais","description":"","publisher":{"@id":"https:\/\/kavantan.com.br\/2016\/#organization"},"potentialAction":[{"@type":"SearchAction","target":{"@type":"EntryPoint","urlTemplate":"https:\/\/kavantan.com.br\/2016\/?s={search_term_string}"},"query-input":"required name=search_term_string"}],"inLanguage":"pt-BR"},{"@type":"ImageObject","@id":"https:\/\/kavantan.com.br\/2016\/cursos\/palestras-realizadas\/#primaryimage","inLanguage":"pt-BR","url":"http:\/\/kavantan.com.br\/2016\/wp-content\/uploads\/2016\/09\/Cursos_realizados_1400x400.jpg","contentUrl":"http:\/\/kavantan.com.br\/2016\/wp-content\/uploads\/2016\/09\/Cursos_realizados_1400x400.jpg"},{"@type":"WebPage","@id":"https:\/\/kavantan.com.br\/2016\/cursos\/palestras-realizadas\/#webpage","url":"https:\/\/kavantan.com.br\/2016\/cursos\/palestras-realizadas\/","name":"Palestras realizadas &ndash; Kavantan Projetos e Eventos Culturais","isPartOf":{"@id":"https:\/\/kavantan.com.br\/2016\/#website"},"primaryImageOfPage":{"@id":"https:\/\/kavantan.com.br\/2016\/cursos\/palestras-realizadas\/#primaryimage"},"datePublished":"2016-09-30T16:59:01+00:00","dateModified":"2019-10-31T21:32:34+00:00","breadcrumb":{"@id":"https:\/\/kavantan.com.br\/2016\/cursos\/palestras-realizadas\/#breadcrumb"},"inLanguage":"pt-BR","potentialAction":[{"@type":"ReadAction","target":["https:\/\/kavantan.com.br\/2016\/cursos\/palestras-realizadas\/"]}]},{"@type":"BreadcrumbList","@id":"https:\/\/kavantan.com.br\/2016\/cursos\/palestras-realizadas\/#breadcrumb","itemListElement":[{"@type":"ListItem","position":1,"name":"In\u00edcio","item":"https:\/\/kavantan.com.br\/2016\/"},{"@type":"ListItem","position":2,"name":"Cursos","item":"https:\/\/kavantan.com.br\/2016\/cursos\/"},{"@type":"ListItem","position":3,"name":"Palestras realizadas"}]}]}},"_links":{"self":[{"href":"https:\/\/kavantan.com.br\/2016\/wp-json\/wp\/v2\/pages\/46","targetHints":{"allow":["GET"]}}],"collection":[{"href":"https:\/\/kavantan.com.br\/2016\/wp-json\/wp\/v2\/pages"}],"about":[{"href":"https:\/\/kavantan.com.br\/2016\/wp-json\/wp\/v2\/types\/page"}],"author":[{"embeddable":true,"href":"https:\/\/kavantan.com.br\/2016\/wp-json\/wp\/v2\/users\/1"}],"replies":[{"embeddable":true,"href":"https:\/\/kavantan.com.br\/2016\/wp-json\/wp\/v2\/comments?post=46"}],"version-history":[{"count":3,"href":"https:\/\/kavantan.com.br\/2016\/wp-json\/wp\/v2\/pages\/46\/revisions"}],"predecessor-version":[{"id":391,"href":"https:\/\/kavantan.com.br\/2016\/wp-json\/wp\/v2\/pages\/46\/revisions\/391"}],"up":[{"embeddable":true,"href":"https:\/\/kavantan.com.br\/2016\/wp-json\/wp\/v2\/pages\/42"}],"wp:attachment":[{"href":"https:\/\/kavantan.com.br\/2016\/wp-json\/wp\/v2\/media?parent=46"}],"curies":[{"name":"wp","href":"https:\/\/api.w.org\/{rel}","templated":true}]}}