{"id":192,"date":"2016-10-03T16:07:40","date_gmt":"2016-10-03T19:07:40","guid":{"rendered":"http:\/\/kavantan.com.br\/2016\/?page_id=192"},"modified":"2025-02-17T11:36:36","modified_gmt":"2025-02-17T14:36:36","slug":"mestres-do-futuro-2-estrada-real","status":"publish","type":"page","link":"https:\/\/kavantan.com.br\/2016\/projetos\/realizacoes\/mestres-do-futuro-2-estrada-real\/","title":{"rendered":"Mestres do Futuro 2 &#8211; Estrada Real"},"content":{"rendered":"<p><img loading=\"lazy\" decoding=\"async\" class=\"aligncenter size-full wp-image-377\" src=\"http:\/\/kavantan.com.br\/2016\/wp-content\/uploads\/2016\/10\/mestres-do-futuro_1400x400.jpg\" alt=\"mestres-do-futuro_1400x400\" width=\"1400\" height=\"401\" srcset=\"https:\/\/kavantan.com.br\/2016\/wp-content\/uploads\/2016\/10\/mestres-do-futuro_1400x400.jpg 1400w, https:\/\/kavantan.com.br\/2016\/wp-content\/uploads\/2016\/10\/mestres-do-futuro_1400x400-300x86.jpg 300w, https:\/\/kavantan.com.br\/2016\/wp-content\/uploads\/2016\/10\/mestres-do-futuro_1400x400-768x220.jpg 768w, https:\/\/kavantan.com.br\/2016\/wp-content\/uploads\/2016\/10\/mestres-do-futuro_1400x400-1024x293.jpg 1024w\" sizes=\"auto, (max-width: 1400px) 100vw, 1400px\" \/><\/p>\n<p>10 mestres, artistas em seus of\u00edcios, de 10 diferentes localidades da regi\u00e3o mineira da Estrada Real \u2013 rota oficial da Coroa para transportar riquezas do interior para o Rio de Janeiro, ent\u00e3o capital brasileira \u2013 foram reunidos em prol do resgate da mem\u00f3ria, da valoriza\u00e7\u00e3o e da preserva\u00e7\u00e3o de patrim\u00f4nio cultural imaterial.<\/p>\n<p>Na segunda edi\u00e7\u00e3o do Mestres do Futuro, foram realizados, durante 3 meses, encontros semanais entre artes\u00e3os, cuja sele\u00e7\u00e3o priorizou os mais velhos, conhecedores das t\u00e9cnicas tradicionais menos difundidas e em processo de desaparecimento, e \u00a0jovens. Com a forma\u00e7\u00e3o de oficinas de artesanato, o projeto estimulou o desenvolvimento regional pela valoriza\u00e7\u00e3o e divulga\u00e7\u00e3o do trabalho do mestre, pelo desenvolvimento profissional do aprendiz, que encontrou na cultura tradicional uma oportunidade de gera\u00e7\u00e3o de renda, e pela visibilidade e pela potencialidade de expans\u00e3o do mercado adquiridas pelas comunidades participantes.<\/p>\n<p>Como resultado dos encontros, formou-se uma exposi\u00e7\u00e3o itinerante, que circulou pelas 8 cidades atendidas pelo Mestres do Futuro 2 e por Belo Horizonte. A exposi\u00e7\u00e3o permanente, composta por 12 pain\u00e9is com as informa\u00e7\u00f5es e com as fotos das oficinas e por uma obra confeccionada por cada mestre, foi complementada, em cada local, pelas obras de seus aprendizes.<\/p>\n<p>Os saberes regionais que integraram as oficinas e foram expostos nas exposi\u00e7\u00f5es, com seus respectivos mestres e cidades, s\u00e3o:<\/p>\n<ul>\n<li><strong>Congado da barroca<\/strong> (folguedo), com o mestre Sebasti\u00e3o da Silva, no subdistrito da Barroca, cidade de Mariana;<\/li>\n<li><strong>Esculturas em madeira<\/strong>, com o mestre Jos\u00e9 Pereira, no distrito de Cachoeira do Brumado, cidade de Mariana;<\/li>\n<li><strong>Tapete arraiolo<\/strong> com a mestre K\u00e1tia Elizabete Duarte de Souza, em Conselheiro Lafaiete;<\/li>\n<li><strong>Escultura em pedra sab\u00e3o<\/strong>, com o mestre Luciano, em Coronel Xavier Chaves;<\/li>\n<li><strong>Selaria<\/strong> com o mestre Zezinho, em Dores do Campo;<\/li>\n<li><strong>Boneca de palha<\/strong>, com a mestre Bernadete, no distrito de Glaura, em Ouro Preto;<\/li>\n<li><strong>Oficina modelando a tradi\u00e7\u00e3o<\/strong> (cer\u00e2mica com o tema do pastel de angu), com a mestre Geralda Luz, em Itabirito;<\/li>\n<li><strong>Cantaria<\/strong> (trabalhos artesanais de talho em pedras), com o mestre \u00c2ngelo Entinio Perucci, em Ouro Preto;<\/li>\n<li><strong>Tear<\/strong> com a mestre Lilita, em Resende da Costa, e;<\/li>\n<li><strong>Sineiro<\/strong> com o mestre Nilson Jos\u00e9 dos Santos, em S\u00e3o Jo\u00e3o Del Rei.<\/li>\n<\/ul>\n<p style=\"text-align: center;\"><strong><a href=\"https:\/\/youtu.be\/WD53ztJNx-4\" target=\"_blank\" rel=\"noopener\">Assista aqui o projeto MESTRES DO FUTURO no programa A\u00e7\u00e3o da Rede Globo.<\/a><\/strong><\/p>\n<p style=\"text-align: center;\"><strong>Fotos do Projeto<\/strong><\/p>\n<!-- Rendered by FancyBox without labels BEGIN -->\n\n\t<style type=\"text\/css\">\n\t\t\t\t\t#gallery-0 {\n\t\t\t\t\t\tmargin: auto;\n\t\t\t\t\t}\n\t\t\t\t\t#gallery-0 .gallery-item {\n\t\t\t\t\t\tfloat: left;\n\t\t\t\t\t\tmargin-top: 10px;\n\t\t\t\t\t\ttext-align: center;\n\t\t\t\t\t\twidth: 24%;\n\t\t\t\t\t}\n\t\t\t\t\t#gallery-0 img {\n\t\t\t\t\t\tborder: 2px solid #cfcfcf;\n\t\t\t\t\t}\n\t\t\t\t\t#gallery-0 .gallery-caption {\n\t\t\t\t\t\tmargin-left: 0;\n\t\t\t\t\t}\n\t<\/style>\n<script type=\"text\/javascript\">\n$(document).ready(function() {\n\t\/*\n\t *  Simple image gallery. Uses default settings\n\t *\/\n\n\t$(\".fancybox\").fancybox({\n\t\t\"transitionIn\"\t\t: \"none\",\n\t\t\"transitionOut\"\t\t: \"none\",\n\t\t\"titlePosition\" \t: \"over\"\n\n\t});\n});\n<\/script>\n\n\t<div id=\"gallery-0\" class=\"gallery galleryid-0 gallery-size-thumbnail\" style=\"\"><dl class=\"gallery-item\"><dt class=\"gallery-icon\">\n\t\t<a class=\"fancybox\" href=\"https:\/\/kavantan.com.br\/2016\/wp-content\/uploads\/2016\/10\/mestres-do-futuro_002.jpg\" rel=\"gallery-0\"><img loading=\"lazy\" decoding=\"async\" width=\"150\" height=\"150\" class=\"attachment-thumbnail\" alt=\"\" src=\"https:\/\/kavantan.com.br\/2016\/wp-content\/uploads\/2016\/10\/mestres-do-futuro_002-150x150.jpg\" \/><\/a><\/dt><\/dl>\n\n<dl class=\"gallery-item\"><dt class=\"gallery-icon\">\n\t\t<a class=\"fancybox\" href=\"https:\/\/kavantan.com.br\/2016\/wp-content\/uploads\/2016\/10\/mestres-do-futuro_003.jpg\" rel=\"gallery-0\"><img loading=\"lazy\" decoding=\"async\" width=\"150\" height=\"150\" class=\"attachment-thumbnail\" alt=\"\" src=\"https:\/\/kavantan.com.br\/2016\/wp-content\/uploads\/2016\/10\/mestres-do-futuro_003-150x150.jpg\" \/><\/a><\/dt><\/dl>\n\n<dl class=\"gallery-item\"><dt class=\"gallery-icon\">\n\t\t<a class=\"fancybox\" href=\"https:\/\/kavantan.com.br\/2016\/wp-content\/uploads\/2016\/10\/mestres-do-futuro_005.jpg\" rel=\"gallery-0\"><img loading=\"lazy\" decoding=\"async\" width=\"150\" height=\"150\" class=\"attachment-thumbnail\" alt=\"\" src=\"https:\/\/kavantan.com.br\/2016\/wp-content\/uploads\/2016\/10\/mestres-do-futuro_005-150x150.jpg\" \/><\/a><\/dt><\/dl>\n\n<dl class=\"gallery-item\"><dt class=\"gallery-icon\">\n\t\t<a class=\"fancybox\" href=\"https:\/\/kavantan.com.br\/2016\/wp-content\/uploads\/2016\/10\/mestres-do-futuro_006.jpg\" rel=\"gallery-0\"><img loading=\"lazy\" decoding=\"async\" width=\"150\" height=\"150\" class=\"attachment-thumbnail\" alt=\"\" src=\"https:\/\/kavantan.com.br\/2016\/wp-content\/uploads\/2016\/10\/mestres-do-futuro_006-150x150.jpg\" \/><\/a><\/dt><\/dl>\n\n<dl class=\"gallery-item\"><dt class=\"gallery-icon\">\n\t\t<a class=\"fancybox\" href=\"https:\/\/kavantan.com.br\/2016\/wp-content\/uploads\/2016\/10\/mestres-do-futuro_007.jpg\" rel=\"gallery-0\"><img loading=\"lazy\" decoding=\"async\" width=\"150\" height=\"150\" class=\"attachment-thumbnail\" alt=\"\" src=\"https:\/\/kavantan.com.br\/2016\/wp-content\/uploads\/2016\/10\/mestres-do-futuro_007-150x150.jpg\" \/><\/a><\/dt><\/dl>\n\n<dl class=\"gallery-item\"><dt class=\"gallery-icon\">\n\t\t<a class=\"fancybox\" href=\"https:\/\/kavantan.com.br\/2016\/wp-content\/uploads\/2016\/10\/mestres-do-futuro_008.jpg\" rel=\"gallery-0\"><img loading=\"lazy\" decoding=\"async\" width=\"150\" height=\"150\" class=\"attachment-thumbnail\" alt=\"\" src=\"https:\/\/kavantan.com.br\/2016\/wp-content\/uploads\/2016\/10\/mestres-do-futuro_008-150x150.jpg\" \/><\/a><\/dt><\/dl>\n\n<dl class=\"gallery-item\"><dt class=\"gallery-icon\">\n\t\t<a class=\"fancybox\" href=\"https:\/\/kavantan.com.br\/2016\/wp-content\/uploads\/2016\/10\/mestres-do-futuro_009.jpg\" rel=\"gallery-0\"><img loading=\"lazy\" decoding=\"async\" width=\"150\" height=\"150\" class=\"attachment-thumbnail\" alt=\"\" src=\"https:\/\/kavantan.com.br\/2016\/wp-content\/uploads\/2016\/10\/mestres-do-futuro_009-150x150.jpg\" \/><\/a><\/dt><\/dl>\n\n<dl class=\"gallery-item\"><dt class=\"gallery-icon\">\n\t\t<a class=\"fancybox\" href=\"https:\/\/kavantan.com.br\/2016\/wp-content\/uploads\/2016\/10\/mestres-do-futuro_010.jpg\" rel=\"gallery-0\"><img loading=\"lazy\" decoding=\"async\" width=\"150\" height=\"150\" class=\"attachment-thumbnail\" alt=\"\" src=\"https:\/\/kavantan.com.br\/2016\/wp-content\/uploads\/2016\/10\/mestres-do-futuro_010-150x150.jpg\" \/><\/a><\/dt><\/dl>\n\n<dl class=\"gallery-item\"><dt class=\"gallery-icon\">\n\t\t<a class=\"fancybox\" href=\"https:\/\/kavantan.com.br\/2016\/wp-content\/uploads\/2016\/10\/mestres-do-futuro_011.jpg\" rel=\"gallery-0\"><img loading=\"lazy\" decoding=\"async\" width=\"150\" height=\"150\" class=\"attachment-thumbnail\" alt=\"\" src=\"https:\/\/kavantan.com.br\/2016\/wp-content\/uploads\/2016\/10\/mestres-do-futuro_011-150x150.jpg\" \/><\/a><\/dt><\/dl>\n\n<dl class=\"gallery-item\"><dt class=\"gallery-icon\">\n\t\t<a class=\"fancybox\" href=\"https:\/\/kavantan.com.br\/2016\/wp-content\/uploads\/2016\/10\/mestres-do-futuro_012.jpg\" rel=\"gallery-0\"><img loading=\"lazy\" decoding=\"async\" width=\"150\" height=\"150\" class=\"attachment-thumbnail\" alt=\"\" src=\"https:\/\/kavantan.com.br\/2016\/wp-content\/uploads\/2016\/10\/mestres-do-futuro_012-150x150.jpg\" \/><\/a><\/dt><\/dl>\n\n<dl class=\"gallery-item\"><dt class=\"gallery-icon\">\n\t\t<a class=\"fancybox\" href=\"https:\/\/kavantan.com.br\/2016\/wp-content\/uploads\/2016\/10\/mestres-do-futuro_013.jpg\" rel=\"gallery-0\"><img loading=\"lazy\" decoding=\"async\" width=\"150\" height=\"150\" class=\"attachment-thumbnail\" alt=\"\" src=\"https:\/\/kavantan.com.br\/2016\/wp-content\/uploads\/2016\/10\/mestres-do-futuro_013-150x150.jpg\" \/><\/a><\/dt><\/dl>\n\n<dl class=\"gallery-item\"><dt class=\"gallery-icon\">\n\t\t<a class=\"fancybox\" href=\"https:\/\/kavantan.com.br\/2016\/wp-content\/uploads\/2016\/10\/mestres-do-futuro_014.jpg\" rel=\"gallery-0\"><img loading=\"lazy\" decoding=\"async\" width=\"150\" height=\"150\" class=\"attachment-thumbnail\" alt=\"\" src=\"https:\/\/kavantan.com.br\/2016\/wp-content\/uploads\/2016\/10\/mestres-do-futuro_014-150x150.jpg\" \/><\/a><\/dt><\/dl>\n\n<\/div><br clear=\"all\" \/><!-- Rendered by FancyBox without labels END -->\n\n<p><strong>Ficha T\u00e9cnica<\/strong><\/p>\n<p><strong>Coordena\u00e7\u00e3o pedag\u00f3gica:<\/strong> Sonia Kavantan<br \/>\n<strong>Curadoria:<\/strong> Karoline Brito<br \/>\n<strong>Produ\u00e7\u00e3o:<\/strong> Filipe Brambilla, Lilian Takara e Singular Produ\u00e7\u00e3o e Comunica\u00e7\u00e3o<br \/>\n<strong>Assist\u00eancia de produ\u00e7\u00e3o exposi\u00e7\u00e3o:<\/strong> Sandra Fosque<br \/>\n<strong>Montagem da exposi\u00e7\u00e3o:<\/strong> Jo\u00e3o Sanches e Pedro Ernesto<br \/>\n<strong>Secretaria:<\/strong> Ang\u00e9lica Maria Bagi e Milka Master<br \/>\n<strong>Documenta\u00e7\u00e3o em foto e v\u00eddeo:<\/strong> M\u00faltipla Produ\u00e7\u00e3o Cultural<br \/>\n<strong>Identidade visual:<\/strong> Shadow Design<\/p>\n<p><strong>Mediadores:<\/strong><br \/>\nAilza da Silva<br \/>\nCarolina Maria Barbosa de Oliveira Nogueira<br \/>\nDaniela de Paula Gomes<br \/>\nGiovanni Frigo<br \/>\nJos\u00e9 Carlos Oliveira<br \/>\nKeina de F\u00e1tima de Oliveira<br \/>\nMislany Pereira<br \/>\nNatalia Rodrigues<br \/>\nPaula Maria Nascimento Moreira<br \/>\nRose Daher<\/p>\n<p><strong>Parceria:<\/strong> Funda\u00e7\u00e3o de Arte de Ouro Preto (FAOP) e Secretaria de Estado de Cultura \u2013 SEC \u2013 Governo de Minas.<br \/>\n<strong>Apoio:<\/strong> Centro de Arte Popular (CEMIG) e Lei de Incentivo \u00e0 Cultura \u2013 Minist\u00e9rio da Cultura.<br \/>\n<strong>Patroc\u00ednio:<\/strong> TBE \u2013 Transmissoras Brasileira de Energia.<br \/>\n<strong>Realiza\u00e7\u00e3o:<\/strong> Kavantan &amp; Associados \u2013 Projetos e Eventos Culturais<\/p>\n","protected":false},"excerpt":{"rendered":"<p>10 mestres, artistas em seus of\u00edcios, de 10 diferentes localidades da regi\u00e3o [&hellip;]<\/p>\n","protected":false},"author":1,"featured_media":0,"parent":40,"menu_order":0,"comment_status":"closed","ping_status":"closed","template":"","meta":{"_monsterinsights_skip_tracking":false,"_monsterinsights_sitenote_active":false,"_monsterinsights_sitenote_note":"","_monsterinsights_sitenote_category":0,"spay_email":"","footnotes":""},"class_list":["post-192","page","type-page","status-publish","hentry"],"yoast_head":"<!-- This site is optimized with the Yoast SEO plugin v18.0 - https:\/\/yoast.com\/wordpress\/plugins\/seo\/ -->\n<title>Mestres do Futuro 2 - Estrada Real &ndash; Kavantan Projetos e Eventos Culturais<\/title>\n<meta name=\"robots\" content=\"index, follow, max-snippet:-1, max-image-preview:large, max-video-preview:-1\" \/>\n<link rel=\"canonical\" href=\"https:\/\/kavantan.com.br\/2016\/projetos\/realizacoes\/mestres-do-futuro-2-estrada-real\/\" \/>\n<meta property=\"og:locale\" content=\"pt_BR\" \/>\n<meta property=\"og:type\" content=\"article\" \/>\n<meta property=\"og:title\" content=\"Mestres do Futuro 2 - Estrada Real &ndash; Kavantan Projetos e Eventos Culturais\" \/>\n<meta property=\"og:description\" content=\"10 mestres, artistas em seus of\u00edcios, de 10 diferentes localidades da regi\u00e3o [&hellip;]\" \/>\n<meta property=\"og:url\" content=\"https:\/\/kavantan.com.br\/2016\/projetos\/realizacoes\/mestres-do-futuro-2-estrada-real\/\" \/>\n<meta property=\"og:site_name\" content=\"Kavantan Projetos e Eventos Culturais\" \/>\n<meta property=\"article:publisher\" content=\"https:\/\/www.facebook.com\/KavantanCultural\/\" \/>\n<meta property=\"article:modified_time\" content=\"2025-02-17T14:36:36+00:00\" \/>\n<meta property=\"og:image\" content=\"https:\/\/kavantan.com.br\/2016\/wp-content\/uploads\/2016\/10\/mestres-do-futuro_002-150x150.jpg\" \/>\n<meta name=\"twitter:card\" content=\"summary\" \/>\n<meta name=\"twitter:label1\" content=\"Est. tempo de leitura\" \/>\n\t<meta name=\"twitter:data1\" content=\"3 minutos\" \/>\n<script type=\"application\/ld+json\" class=\"yoast-schema-graph\">{\"@context\":\"https:\/\/schema.org\",\"@graph\":[{\"@type\":\"Organization\",\"@id\":\"https:\/\/kavantan.com.br\/2016\/#organization\",\"name\":\"Kavantan Projetos e Eventos Culturais\",\"url\":\"https:\/\/kavantan.com.br\/2016\/\",\"sameAs\":[\"https:\/\/www.facebook.com\/KavantanCultural\/\",\"http:\/\/instagram.com\/KavantanCultural\",\"https:\/\/www.youtube.com\/channel\/UCb9iwGfNUFnBax2SqznpQYA\"],\"logo\":{\"@type\":\"ImageObject\",\"@id\":\"https:\/\/kavantan.com.br\/2016\/#logo\",\"inLanguage\":\"pt-BR\",\"url\":\"https:\/\/kavantan.com.br\/2016\/wp-content\/uploads\/2016\/09\/Kavantan_319x100.jpg\",\"contentUrl\":\"https:\/\/kavantan.com.br\/2016\/wp-content\/uploads\/2016\/09\/Kavantan_319x100.jpg\",\"width\":319,\"height\":100,\"caption\":\"Kavantan Projetos e Eventos Culturais\"},\"image\":{\"@id\":\"https:\/\/kavantan.com.br\/2016\/#logo\"}},{\"@type\":\"WebSite\",\"@id\":\"https:\/\/kavantan.com.br\/2016\/#website\",\"url\":\"https:\/\/kavantan.com.br\/2016\/\",\"name\":\"Kavantan Projetos e Eventos Culturais\",\"description\":\"\",\"publisher\":{\"@id\":\"https:\/\/kavantan.com.br\/2016\/#organization\"},\"potentialAction\":[{\"@type\":\"SearchAction\",\"target\":{\"@type\":\"EntryPoint\",\"urlTemplate\":\"https:\/\/kavantan.com.br\/2016\/?s={search_term_string}\"},\"query-input\":\"required name=search_term_string\"}],\"inLanguage\":\"pt-BR\"},{\"@type\":\"ImageObject\",\"@id\":\"https:\/\/kavantan.com.br\/2016\/projetos\/realizacoes\/mestres-do-futuro-2-estrada-real\/#primaryimage\",\"inLanguage\":\"pt-BR\",\"url\":\"http:\/\/kavantan.com.br\/2016\/wp-content\/uploads\/2016\/10\/mestres-do-futuro_1400x400.jpg\",\"contentUrl\":\"http:\/\/kavantan.com.br\/2016\/wp-content\/uploads\/2016\/10\/mestres-do-futuro_1400x400.jpg\"},{\"@type\":\"WebPage\",\"@id\":\"https:\/\/kavantan.com.br\/2016\/projetos\/realizacoes\/mestres-do-futuro-2-estrada-real\/#webpage\",\"url\":\"https:\/\/kavantan.com.br\/2016\/projetos\/realizacoes\/mestres-do-futuro-2-estrada-real\/\",\"name\":\"Mestres do Futuro 2 - Estrada Real &ndash; Kavantan Projetos e Eventos Culturais\",\"isPartOf\":{\"@id\":\"https:\/\/kavantan.com.br\/2016\/#website\"},\"primaryImageOfPage\":{\"@id\":\"https:\/\/kavantan.com.br\/2016\/projetos\/realizacoes\/mestres-do-futuro-2-estrada-real\/#primaryimage\"},\"datePublished\":\"2016-10-03T19:07:40+00:00\",\"dateModified\":\"2025-02-17T14:36:36+00:00\",\"breadcrumb\":{\"@id\":\"https:\/\/kavantan.com.br\/2016\/projetos\/realizacoes\/mestres-do-futuro-2-estrada-real\/#breadcrumb\"},\"inLanguage\":\"pt-BR\",\"potentialAction\":[{\"@type\":\"ReadAction\",\"target\":[\"https:\/\/kavantan.com.br\/2016\/projetos\/realizacoes\/mestres-do-futuro-2-estrada-real\/\"]}]},{\"@type\":\"BreadcrumbList\",\"@id\":\"https:\/\/kavantan.com.br\/2016\/projetos\/realizacoes\/mestres-do-futuro-2-estrada-real\/#breadcrumb\",\"itemListElement\":[{\"@type\":\"ListItem\",\"position\":1,\"name\":\"In\u00edcio\",\"item\":\"https:\/\/kavantan.com.br\/2016\/\"},{\"@type\":\"ListItem\",\"position\":2,\"name\":\"Projetos\",\"item\":\"https:\/\/kavantan.com.br\/2016\/projetos\/\"},{\"@type\":\"ListItem\",\"position\":3,\"name\":\"Realiza\u00e7\u00f5es\",\"item\":\"https:\/\/kavantan.com.br\/2016\/projetos\/realizacoes\/\"},{\"@type\":\"ListItem\",\"position\":4,\"name\":\"Mestres do Futuro 2 &#8211; Estrada Real\"}]}]}<\/script>\n<!-- \/ Yoast SEO plugin. -->","yoast_head_json":{"title":"Mestres do Futuro 2 - Estrada Real &ndash; Kavantan Projetos e Eventos Culturais","robots":{"index":"index","follow":"follow","max-snippet":"max-snippet:-1","max-image-preview":"max-image-preview:large","max-video-preview":"max-video-preview:-1"},"canonical":"https:\/\/kavantan.com.br\/2016\/projetos\/realizacoes\/mestres-do-futuro-2-estrada-real\/","og_locale":"pt_BR","og_type":"article","og_title":"Mestres do Futuro 2 - Estrada Real &ndash; Kavantan Projetos e Eventos Culturais","og_description":"10 mestres, artistas em seus of\u00edcios, de 10 diferentes localidades da regi\u00e3o [&hellip;]","og_url":"https:\/\/kavantan.com.br\/2016\/projetos\/realizacoes\/mestres-do-futuro-2-estrada-real\/","og_site_name":"Kavantan Projetos e Eventos Culturais","article_publisher":"https:\/\/www.facebook.com\/KavantanCultural\/","article_modified_time":"2025-02-17T14:36:36+00:00","og_image":[{"url":"https:\/\/kavantan.com.br\/2016\/wp-content\/uploads\/2016\/10\/mestres-do-futuro_002-150x150.jpg"}],"twitter_card":"summary","twitter_misc":{"Est. tempo de leitura":"3 minutos"},"schema":{"@context":"https:\/\/schema.org","@graph":[{"@type":"Organization","@id":"https:\/\/kavantan.com.br\/2016\/#organization","name":"Kavantan Projetos e Eventos Culturais","url":"https:\/\/kavantan.com.br\/2016\/","sameAs":["https:\/\/www.facebook.com\/KavantanCultural\/","http:\/\/instagram.com\/KavantanCultural","https:\/\/www.youtube.com\/channel\/UCb9iwGfNUFnBax2SqznpQYA"],"logo":{"@type":"ImageObject","@id":"https:\/\/kavantan.com.br\/2016\/#logo","inLanguage":"pt-BR","url":"https:\/\/kavantan.com.br\/2016\/wp-content\/uploads\/2016\/09\/Kavantan_319x100.jpg","contentUrl":"https:\/\/kavantan.com.br\/2016\/wp-content\/uploads\/2016\/09\/Kavantan_319x100.jpg","width":319,"height":100,"caption":"Kavantan Projetos e Eventos Culturais"},"image":{"@id":"https:\/\/kavantan.com.br\/2016\/#logo"}},{"@type":"WebSite","@id":"https:\/\/kavantan.com.br\/2016\/#website","url":"https:\/\/kavantan.com.br\/2016\/","name":"Kavantan Projetos e Eventos Culturais","description":"","publisher":{"@id":"https:\/\/kavantan.com.br\/2016\/#organization"},"potentialAction":[{"@type":"SearchAction","target":{"@type":"EntryPoint","urlTemplate":"https:\/\/kavantan.com.br\/2016\/?s={search_term_string}"},"query-input":"required name=search_term_string"}],"inLanguage":"pt-BR"},{"@type":"ImageObject","@id":"https:\/\/kavantan.com.br\/2016\/projetos\/realizacoes\/mestres-do-futuro-2-estrada-real\/#primaryimage","inLanguage":"pt-BR","url":"http:\/\/kavantan.com.br\/2016\/wp-content\/uploads\/2016\/10\/mestres-do-futuro_1400x400.jpg","contentUrl":"http:\/\/kavantan.com.br\/2016\/wp-content\/uploads\/2016\/10\/mestres-do-futuro_1400x400.jpg"},{"@type":"WebPage","@id":"https:\/\/kavantan.com.br\/2016\/projetos\/realizacoes\/mestres-do-futuro-2-estrada-real\/#webpage","url":"https:\/\/kavantan.com.br\/2016\/projetos\/realizacoes\/mestres-do-futuro-2-estrada-real\/","name":"Mestres do Futuro 2 - Estrada Real &ndash; Kavantan Projetos e Eventos Culturais","isPartOf":{"@id":"https:\/\/kavantan.com.br\/2016\/#website"},"primaryImageOfPage":{"@id":"https:\/\/kavantan.com.br\/2016\/projetos\/realizacoes\/mestres-do-futuro-2-estrada-real\/#primaryimage"},"datePublished":"2016-10-03T19:07:40+00:00","dateModified":"2025-02-17T14:36:36+00:00","breadcrumb":{"@id":"https:\/\/kavantan.com.br\/2016\/projetos\/realizacoes\/mestres-do-futuro-2-estrada-real\/#breadcrumb"},"inLanguage":"pt-BR","potentialAction":[{"@type":"ReadAction","target":["https:\/\/kavantan.com.br\/2016\/projetos\/realizacoes\/mestres-do-futuro-2-estrada-real\/"]}]},{"@type":"BreadcrumbList","@id":"https:\/\/kavantan.com.br\/2016\/projetos\/realizacoes\/mestres-do-futuro-2-estrada-real\/#breadcrumb","itemListElement":[{"@type":"ListItem","position":1,"name":"In\u00edcio","item":"https:\/\/kavantan.com.br\/2016\/"},{"@type":"ListItem","position":2,"name":"Projetos","item":"https:\/\/kavantan.com.br\/2016\/projetos\/"},{"@type":"ListItem","position":3,"name":"Realiza\u00e7\u00f5es","item":"https:\/\/kavantan.com.br\/2016\/projetos\/realizacoes\/"},{"@type":"ListItem","position":4,"name":"Mestres do Futuro 2 &#8211; Estrada Real"}]}]}},"_links":{"self":[{"href":"https:\/\/kavantan.com.br\/2016\/wp-json\/wp\/v2\/pages\/192","targetHints":{"allow":["GET"]}}],"collection":[{"href":"https:\/\/kavantan.com.br\/2016\/wp-json\/wp\/v2\/pages"}],"about":[{"href":"https:\/\/kavantan.com.br\/2016\/wp-json\/wp\/v2\/types\/page"}],"author":[{"embeddable":true,"href":"https:\/\/kavantan.com.br\/2016\/wp-json\/wp\/v2\/users\/1"}],"replies":[{"embeddable":true,"href":"https:\/\/kavantan.com.br\/2016\/wp-json\/wp\/v2\/comments?post=192"}],"version-history":[{"count":14,"href":"https:\/\/kavantan.com.br\/2016\/wp-json\/wp\/v2\/pages\/192\/revisions"}],"predecessor-version":[{"id":1437,"href":"https:\/\/kavantan.com.br\/2016\/wp-json\/wp\/v2\/pages\/192\/revisions\/1437"}],"up":[{"embeddable":true,"href":"https:\/\/kavantan.com.br\/2016\/wp-json\/wp\/v2\/pages\/40"}],"wp:attachment":[{"href":"https:\/\/kavantan.com.br\/2016\/wp-json\/wp\/v2\/media?parent=192"}],"curies":[{"name":"wp","href":"https:\/\/api.w.org\/{rel}","templated":true}]}}