
{"id":122,"date":"2016-10-03T10:23:23","date_gmt":"2016-10-03T13:23:23","guid":{"rendered":"http:\/\/kavantan.com.br\/2016\/?page_id=122"},"modified":"2020-01-30T12:17:31","modified_gmt":"2020-01-30T15:17:31","slug":"financas-praticas-amor-a-vista","status":"publish","type":"page","link":"https:\/\/kavantan.com.br\/2016\/projetos\/realizacoes\/financas-praticas-amor-a-vista\/","title":{"rendered":"Finan\u00e7as Pr\u00e1ticas: Amor \u00e0 Vista"},"content":{"rendered":"\t\t<div data-elementor-type=\"wp-page\" data-elementor-id=\"122\" class=\"elementor elementor-122\" data-elementor-settings=\"[]\">\n\t\t\t\t\t\t<div class=\"elementor-inner\">\n\t\t\t\t\t\t\t<div class=\"elementor-section-wrap\">\n\t\t\t\t\t\t\t<section class=\"elementor-section elementor-top-section elementor-element elementor-element-2173f2da elementor-section-boxed elementor-section-height-default elementor-section-height-default\" data-id=\"2173f2da\" data-element_type=\"section\">\n\t\t\t\t\t\t<div class=\"elementor-container elementor-column-gap-default\">\n\t\t\t\t\t\t\t<div class=\"elementor-row\">\n\t\t\t\t\t<div class=\"elementor-column elementor-col-100 elementor-top-column elementor-element elementor-element-23750700\" data-id=\"23750700\" data-element_type=\"column\">\n\t\t\t<div class=\"elementor-column-wrap elementor-element-populated\">\n\t\t\t\t\t\t\t<div class=\"elementor-widget-wrap\">\n\t\t\t\t\t\t<div class=\"elementor-element elementor-element-1e57143 elementor-widget elementor-widget-heading\" data-id=\"1e57143\" data-element_type=\"widget\" data-widget_type=\"heading.default\">\n\t\t\t\t<div class=\"elementor-widget-container\">\n\t\t\t<h2 class=\"elementor-heading-title elementor-size-default\">Amor \u00c0 Vista<\/h2>\t\t<\/div>\n\t\t\t\t<\/div>\n\t\t\t\t<div class=\"elementor-element elementor-element-ae26386 elementor-widget elementor-widget-image\" data-id=\"ae26386\" data-element_type=\"widget\" data-widget_type=\"image.default\">\n\t\t\t\t<div class=\"elementor-widget-container\">\n\t\t\t\t\t\t\t\t<div class=\"elementor-image\">\n\t\t\t\t\t\t\t\t\t\t\t\t<img loading=\"lazy\" decoding=\"async\" width=\"1400\" height=\"500\" src=\"https:\/\/kavantan.com.br\/2016\/wp-content\/uploads\/2020\/01\/amor-a-vista_topo_1400x500.jpg\" class=\"attachment-full size-full\" alt=\"\" srcset=\"https:\/\/kavantan.com.br\/2016\/wp-content\/uploads\/2020\/01\/amor-a-vista_topo_1400x500.jpg 1400w, https:\/\/kavantan.com.br\/2016\/wp-content\/uploads\/2020\/01\/amor-a-vista_topo_1400x500-300x107.jpg 300w, https:\/\/kavantan.com.br\/2016\/wp-content\/uploads\/2020\/01\/amor-a-vista_topo_1400x500-768x274.jpg 768w, https:\/\/kavantan.com.br\/2016\/wp-content\/uploads\/2020\/01\/amor-a-vista_topo_1400x500-1024x366.jpg 1024w, https:\/\/kavantan.com.br\/2016\/wp-content\/uploads\/2020\/01\/amor-a-vista_topo_1400x500-830x296.jpg 830w, https:\/\/kavantan.com.br\/2016\/wp-content\/uploads\/2020\/01\/amor-a-vista_topo_1400x500-230x82.jpg 230w, https:\/\/kavantan.com.br\/2016\/wp-content\/uploads\/2020\/01\/amor-a-vista_topo_1400x500-350x125.jpg 350w, https:\/\/kavantan.com.br\/2016\/wp-content\/uploads\/2020\/01\/amor-a-vista_topo_1400x500-480x171.jpg 480w\" sizes=\"auto, (max-width: 1400px) 100vw, 1400px\" \/>\t\t\t\t\t\t\t\t\t\t\t\t\t\t<\/div>\n\t\t\t\t\t\t<\/div>\n\t\t\t\t<\/div>\n\t\t\t\t<div class=\"elementor-element elementor-element-2bf41ab2 elementor-widget elementor-widget-text-editor\" data-id=\"2bf41ab2\" data-element_type=\"widget\" data-widget_type=\"text-editor.default\">\n\t\t\t\t<div class=\"elementor-widget-container\">\n\t\t\t\t\t\t\t\t<div class=\"elementor-text-editor elementor-clearfix\">\n\t\t\t\t<p>Escrito por Leonardo Cortez, o espet\u00e1culo integra o <a href=\"http:\/\/www.financaspraticas.com.br\/\" target=\"_blank\" rel=\"noopener noreferrer\">Finan\u00e7as Pr\u00e1ticas<\/a>, programa de educa\u00e7\u00e3o financeira da Visa comprometido com a forma\u00e7\u00e3o de cidad\u00e3os mais conscientes na organiza\u00e7\u00e3o e no planejamento de suas finan\u00e7as pessoais.<\/p><p>Amor, inseguran\u00e7a, sonhos, planejamento, eventos inesperados, d\u00edvidas e\u00a0d\u00favidas do casal Dod\u00f4 e Rita s\u00e3o alguns dos motes para que o p\u00fablico se envolva nesta hist\u00f3ria que, com muito humor e m\u00fasica, encontra paralelo com a vida de milhares de brasileiros.\u00a0\u00a0Ele, um not\u00f3rio desorganizado, n\u00e3o consegue se manter em um trabalho est\u00e1vel. Ela, desempregada, \u00e9 quituteira de m\u00e3o cheia. A vinda de um filho e o desejo de melhorar de vida fomentam o movimento empreendedor\u00a0do casal. Frente \u00e0s dificuldades da nova etapa da vida, o relacionamento \u00e9 abalado. Somente com planejamento e sabedoria na administra\u00e7\u00e3o financeira, o casal supera suas crises\u00a0e se lan\u00e7a num s\u00f3lido futuro de prosperidade.<\/p><p>Com o apoio das Supervis\u00f5es de Cultura das Subprefeituras do Munic\u00edpio de S\u00e3o Paulo o espet\u00e1culo circulou, em 2013, por 11 unidades dos CEUs e, em 2015, por 46 unidades. Foi selecionado para integrar a programa\u00e7\u00e3o do\u00a0F\u00f3rum de Cidadania Financeira, em Bras\u00edlia (DF), e da\u00a0Feira do Empreendedor, organizada pelo SEBRAE em S\u00e3o Paulo.<\/p>\t\t\t\t\t<\/div>\n\t\t\t\t\t\t<\/div>\n\t\t\t\t<\/div>\n\t\t\t\t<div class=\"elementor-element elementor-element-a6f12af elementor-widget elementor-widget-text-editor\" data-id=\"a6f12af\" data-element_type=\"widget\" data-widget_type=\"text-editor.default\">\n\t\t\t\t<div class=\"elementor-widget-container\">\n\t\t\t\t\t\t\t\t<div class=\"elementor-text-editor elementor-clearfix\">\n\t\t\t\t<p><b>Fotos do espet\u00e1culo&nbsp;<\/b>(Cr\u00e9ditos: Claudio Belli)<\/p>\t\t\t\t\t<\/div>\n\t\t\t\t\t\t<\/div>\n\t\t\t\t<\/div>\n\t\t\t\t<div class=\"elementor-element elementor-element-ebb17c2 elementor-widget elementor-widget-image-gallery\" data-id=\"ebb17c2\" data-element_type=\"widget\" data-widget_type=\"image-gallery.default\">\n\t\t\t\t<div class=\"elementor-widget-container\">\n\t\t\t\t\t<div class=\"elementor-image-gallery\">\n\t\t\t<!-- Rendered by FancyBox without labels BEGIN -->\n\n\t<style type=\"text\/css\">\n\t\t\t\t\t#gallery-0 {\n\t\t\t\t\t\tmargin: auto;\n\t\t\t\t\t}\n\t\t\t\t\t#gallery-0 .gallery-item {\n\t\t\t\t\t\tfloat: left;\n\t\t\t\t\t\tmargin-top: 10px;\n\t\t\t\t\t\ttext-align: center;\n\t\t\t\t\t\twidth: 32%;\n\t\t\t\t\t}\n\t\t\t\t\t#gallery-0 img {\n\t\t\t\t\t\tborder: 2px solid #cfcfcf;\n\t\t\t\t\t}\n\t\t\t\t\t#gallery-0 .gallery-caption {\n\t\t\t\t\t\tmargin-left: 0;\n\t\t\t\t\t}\n\t<\/style>\n<script type=\"text\/javascript\">\n$(document).ready(function() {\n\t\/*\n\t *  Simple image gallery. Uses default settings\n\t *\/\n\n\t$(\".fancybox\").fancybox({\n\t\t\"transitionIn\"\t\t: \"none\",\n\t\t\"transitionOut\"\t\t: \"none\",\n\t\t\"titlePosition\" \t: \"over\"\n\n\t});\n});\n<\/script>\n\n\t<div id=\"gallery-0\" class=\"gallery galleryid-0 gallery-size-thumbnail\" style=\"\"><dl class=\"gallery-item\"><dt class=\"gallery-icon\">\n\t\t<a class=\"fancybox\" href=\"https:\/\/kavantan.com.br\/2016\/wp-content\/uploads\/2016\/10\/amor-a-vista_009.jpg\" rel=\"gallery-0\"><img loading=\"lazy\" decoding=\"async\" width=\"150\" height=\"150\" class=\"attachment-thumbnail\" alt=\"\" src=\"https:\/\/kavantan.com.br\/2016\/wp-content\/uploads\/2016\/10\/amor-a-vista_009-150x150.jpg\" \/><\/a><\/dt><\/dl>\n\n<dl class=\"gallery-item\"><dt class=\"gallery-icon\">\n\t\t<a class=\"fancybox\" href=\"https:\/\/kavantan.com.br\/2016\/wp-content\/uploads\/2016\/10\/amor-a-vista_008.jpg\" rel=\"gallery-0\"><img loading=\"lazy\" decoding=\"async\" width=\"150\" height=\"150\" class=\"attachment-thumbnail\" alt=\"\" src=\"https:\/\/kavantan.com.br\/2016\/wp-content\/uploads\/2016\/10\/amor-a-vista_008-150x150.jpg\" \/><\/a><\/dt><\/dl>\n\n<dl class=\"gallery-item\"><dt class=\"gallery-icon\">\n\t\t<a class=\"fancybox\" href=\"https:\/\/kavantan.com.br\/2016\/wp-content\/uploads\/2016\/10\/amor-a-vista_007.jpg\" rel=\"gallery-0\"><img loading=\"lazy\" decoding=\"async\" width=\"150\" height=\"150\" class=\"attachment-thumbnail\" alt=\"\" src=\"https:\/\/kavantan.com.br\/2016\/wp-content\/uploads\/2016\/10\/amor-a-vista_007-150x150.jpg\" \/><\/a><\/dt><\/dl>\n\n<dl class=\"gallery-item\"><dt class=\"gallery-icon\">\n\t\t<a class=\"fancybox\" href=\"https:\/\/kavantan.com.br\/2016\/wp-content\/uploads\/2016\/10\/amor-a-vista_006.jpg\" rel=\"gallery-0\"><img loading=\"lazy\" decoding=\"async\" width=\"150\" height=\"150\" class=\"attachment-thumbnail\" alt=\"\" src=\"https:\/\/kavantan.com.br\/2016\/wp-content\/uploads\/2016\/10\/amor-a-vista_006-150x150.jpg\" \/><\/a><\/dt><\/dl>\n\n<dl class=\"gallery-item\"><dt class=\"gallery-icon\">\n\t\t<a class=\"fancybox\" href=\"https:\/\/kavantan.com.br\/2016\/wp-content\/uploads\/2016\/10\/amor-a-vista_005.jpg\" rel=\"gallery-0\"><img loading=\"lazy\" decoding=\"async\" width=\"150\" height=\"150\" class=\"attachment-thumbnail\" alt=\"\" src=\"https:\/\/kavantan.com.br\/2016\/wp-content\/uploads\/2016\/10\/amor-a-vista_005-150x150.jpg\" \/><\/a><\/dt><\/dl>\n\n<dl class=\"gallery-item\"><dt class=\"gallery-icon\">\n\t\t<a class=\"fancybox\" href=\"https:\/\/kavantan.com.br\/2016\/wp-content\/uploads\/2016\/10\/amor-a-vista_004.jpg\" rel=\"gallery-0\"><img loading=\"lazy\" decoding=\"async\" width=\"150\" height=\"150\" class=\"attachment-thumbnail\" alt=\"\" src=\"https:\/\/kavantan.com.br\/2016\/wp-content\/uploads\/2016\/10\/amor-a-vista_004-150x150.jpg\" \/><\/a><\/dt><\/dl>\n\n<dl class=\"gallery-item\"><dt class=\"gallery-icon\">\n\t\t<a class=\"fancybox\" href=\"https:\/\/kavantan.com.br\/2016\/wp-content\/uploads\/2016\/10\/amor-a-vista_003.jpg\" rel=\"gallery-0\"><img loading=\"lazy\" decoding=\"async\" width=\"150\" height=\"150\" class=\"attachment-thumbnail\" alt=\"\" src=\"https:\/\/kavantan.com.br\/2016\/wp-content\/uploads\/2016\/10\/amor-a-vista_003-150x150.jpg\" \/><\/a><\/dt><\/dl>\n\n<dl class=\"gallery-item\"><dt class=\"gallery-icon\">\n\t\t<a class=\"fancybox\" href=\"https:\/\/kavantan.com.br\/2016\/wp-content\/uploads\/2016\/10\/amor-a-vista_002.jpg\" rel=\"gallery-0\"><img loading=\"lazy\" decoding=\"async\" width=\"150\" height=\"150\" class=\"attachment-thumbnail\" alt=\"\" src=\"https:\/\/kavantan.com.br\/2016\/wp-content\/uploads\/2016\/10\/amor-a-vista_002-150x150.jpg\" \/><\/a><\/dt><\/dl>\n\n<dl class=\"gallery-item\"><dt class=\"gallery-icon\">\n\t\t<a class=\"fancybox\" href=\"https:\/\/kavantan.com.br\/2016\/wp-content\/uploads\/2016\/10\/amor-a-vista_001.jpg\" rel=\"gallery-0\"><img loading=\"lazy\" decoding=\"async\" width=\"150\" height=\"150\" class=\"attachment-thumbnail\" alt=\"\" src=\"https:\/\/kavantan.com.br\/2016\/wp-content\/uploads\/2016\/10\/amor-a-vista_001-150x150.jpg\" \/><\/a><\/dt><\/dl>\n\n<\/div><br clear=\"all\" \/><!-- Rendered by FancyBox without labels END -->\n\t\t<\/div>\n\t\t\t\t<\/div>\n\t\t\t\t<\/div>\n\t\t\t\t<div class=\"elementor-element elementor-element-54e425f elementor-widget elementor-widget-spacer\" data-id=\"54e425f\" data-element_type=\"widget\" data-widget_type=\"spacer.default\">\n\t\t\t\t<div class=\"elementor-widget-container\">\n\t\t\t\t\t<div class=\"elementor-spacer\">\n\t\t\t<div class=\"elementor-spacer-inner\"><\/div>\n\t\t<\/div>\n\t\t\t\t<\/div>\n\t\t\t\t<\/div>\n\t\t\t\t<div class=\"elementor-element elementor-element-2747745 elementor-widget elementor-widget-text-editor\" data-id=\"2747745\" data-element_type=\"widget\" data-widget_type=\"text-editor.default\">\n\t\t\t\t<div class=\"elementor-widget-container\">\n\t\t\t\t\t\t\t\t<div class=\"elementor-text-editor elementor-clearfix\">\n\t\t\t\t<p><b>Trechos do espet\u00e1culo\u00a0<\/b><\/p>\t\t\t\t\t<\/div>\n\t\t\t\t\t\t<\/div>\n\t\t\t\t<\/div>\n\t\t\t\t<div class=\"elementor-element elementor-element-8dfbba6 elementor-aspect-ratio-169 elementor-widget elementor-widget-video\" data-id=\"8dfbba6\" data-element_type=\"widget\" data-settings=\"{&quot;youtube_url&quot;:&quot;https:\\\/\\\/www.youtube.com\\\/watch?v=Q-6HlloDuro&quot;,&quot;video_type&quot;:&quot;youtube&quot;,&quot;controls&quot;:&quot;yes&quot;,&quot;aspect_ratio&quot;:&quot;169&quot;}\" data-widget_type=\"video.default\">\n\t\t\t\t<div class=\"elementor-widget-container\">\n\t\t\t\t\t<div class=\"elementor-wrapper elementor-fit-aspect-ratio elementor-open-inline\">\n\t\t\t<div class=\"elementor-video\"><\/div>\t\t<\/div>\n\t\t\t\t<\/div>\n\t\t\t\t<\/div>\n\t\t\t\t<div class=\"elementor-element elementor-element-265b65f elementor-widget elementor-widget-text-editor\" data-id=\"265b65f\" data-element_type=\"widget\" data-widget_type=\"text-editor.default\">\n\t\t\t\t<div class=\"elementor-widget-container\">\n\t\t\t\t\t\t\t\t<div class=\"elementor-text-editor elementor-clearfix\">\n\t\t\t\t<h6><span style=\"font-weight: 600;\">Ficha T\u00e9cnica<\/span><\/h6><p><span style=\"font-weight: 600;\">Dramaturgia e dire\u00e7\u00e3o:<\/span>\u00a0Leonardo Cortez<br \/><span style=\"font-weight: 600;\">Elenco:<\/span>\u00a0Maur\u00edcio de Barros e La\u00eds Marques<br \/><span style=\"font-weight: 600;\">Composi\u00e7\u00e3o da trilha e dire\u00e7\u00e3o musical:<\/span>\u00a0Jonatan Harold<br \/><span style=\"font-weight: 600;\">Figurino:<\/span>\u00a0Marichilene Artisevskis<br \/><span style=\"font-weight: 600;\">Ilumina\u00e7\u00e3o:<\/span>\u00a0Ricardo Bueno<br \/><span style=\"font-weight: 600;\">Cenografia e adere\u00e7os:<\/span>\u00a0Wilson Jos\u00e9 Guiselini<br \/><span style=\"font-weight: 600;\">Produ\u00e7\u00e3o:<\/span>\u00a0Filipe Brambilla e Lilian Takara<br \/><span style=\"font-weight: 600;\">Coordena\u00e7\u00e3o geral:<\/span>\u00a0Sonia Kavantan<\/p><p><b>Classifica\u00e7\u00e3o indicativa: <\/b>Livre<br \/><b>Dura\u00e7\u00e3o:<\/b>\u00a050 minutos<\/p>\t\t\t\t\t<\/div>\n\t\t\t\t\t\t<\/div>\n\t\t\t\t<\/div>\n\t\t\t\t\t\t<\/div>\n\t\t\t\t\t<\/div>\n\t\t<\/div>\n\t\t\t\t\t\t\t\t<\/div>\n\t\t\t\t\t<\/div>\n\t\t<\/section>\n\t\t\t\t\t\t<\/div>\n\t\t\t\t\t\t<\/div>\n\t\t\t\t\t<\/div>\n\t\t","protected":false},"excerpt":{"rendered":"<p>Amor \u00c0 Vista Escrito por Leonardo Cortez, o espet\u00e1culo integra o Finan\u00e7as [&hellip;]<\/p>\n","protected":false},"author":1,"featured_media":132,"parent":40,"menu_order":0,"comment_status":"closed","ping_status":"closed","template":"elementor_header_footer","meta":{"_monsterinsights_skip_tracking":false,"_monsterinsights_sitenote_active":false,"_monsterinsights_sitenote_note":"","_monsterinsights_sitenote_category":0,"spay_email":"","footnotes":""},"class_list":["post-122","page","type-page","status-publish","has-post-thumbnail","hentry"],"yoast_head":"<!-- This site is optimized with the Yoast SEO plugin v18.0 - https:\/\/yoast.com\/wordpress\/plugins\/seo\/ -->\n<title>Kavantan Projetos e Eventos Culturais&ndash; Finan\u00e7as Pr\u00e1ticas: Amor \u00e0 Vista<\/title>\n<meta name=\"description\" content=\"De Leonardo Cortez, o espet\u00e1culo integra o Finan\u00e7as Pr\u00e1ticas, programa de educa\u00e7\u00e3o financeira da Visa comprometido com a forma\u00e7\u00e3o na \u00e1rea\" \/>\n<meta name=\"robots\" content=\"index, follow, max-snippet:-1, max-image-preview:large, max-video-preview:-1\" \/>\n<link rel=\"canonical\" href=\"https:\/\/kavantan.com.br\/2016\/projetos\/realizacoes\/financas-praticas-amor-a-vista\/\" \/>\n<meta property=\"og:locale\" content=\"pt_BR\" \/>\n<meta property=\"og:type\" content=\"article\" \/>\n<meta property=\"og:title\" content=\"Kavantan Projetos e Eventos Culturais&ndash; Finan\u00e7as Pr\u00e1ticas: Amor \u00e0 Vista\" \/>\n<meta property=\"og:description\" content=\"De Leonardo Cortez, o espet\u00e1culo integra o Finan\u00e7as Pr\u00e1ticas, programa de educa\u00e7\u00e3o financeira da Visa comprometido com a forma\u00e7\u00e3o na \u00e1rea\" \/>\n<meta property=\"og:url\" content=\"https:\/\/kavantan.com.br\/2016\/projetos\/realizacoes\/financas-praticas-amor-a-vista\/\" \/>\n<meta property=\"og:site_name\" content=\"Kavantan Projetos e Eventos Culturais\" \/>\n<meta property=\"article:publisher\" content=\"https:\/\/www.facebook.com\/KavantanCultural\/\" \/>\n<meta property=\"article:modified_time\" content=\"2020-01-30T15:17:31+00:00\" \/>\n<meta property=\"og:image\" content=\"https:\/\/kavantan.com.br\/2016\/wp-content\/uploads\/2016\/10\/amor-a-vista_009.jpg\" \/>\n\t<meta property=\"og:image:width\" content=\"800\" \/>\n\t<meta property=\"og:image:height\" content=\"531\" \/>\n\t<meta property=\"og:image:type\" content=\"image\/jpeg\" \/>\n<meta name=\"twitter:card\" content=\"summary\" \/>\n<meta name=\"twitter:label1\" content=\"Est. tempo de leitura\" \/>\n\t<meta name=\"twitter:data1\" content=\"1 minuto\" \/>\n<script type=\"application\/ld+json\" class=\"yoast-schema-graph\">{\"@context\":\"https:\/\/schema.org\",\"@graph\":[{\"@type\":\"Organization\",\"@id\":\"https:\/\/kavantan.com.br\/2016\/#organization\",\"name\":\"Kavantan Projetos e Eventos Culturais\",\"url\":\"https:\/\/kavantan.com.br\/2016\/\",\"sameAs\":[\"https:\/\/www.facebook.com\/KavantanCultural\/\",\"http:\/\/instagram.com\/KavantanCultural\",\"https:\/\/www.youtube.com\/channel\/UCb9iwGfNUFnBax2SqznpQYA\"],\"logo\":{\"@type\":\"ImageObject\",\"@id\":\"https:\/\/kavantan.com.br\/2016\/#logo\",\"inLanguage\":\"pt-BR\",\"url\":\"https:\/\/kavantan.com.br\/2016\/wp-content\/uploads\/2016\/09\/Kavantan_319x100.jpg\",\"contentUrl\":\"https:\/\/kavantan.com.br\/2016\/wp-content\/uploads\/2016\/09\/Kavantan_319x100.jpg\",\"width\":319,\"height\":100,\"caption\":\"Kavantan Projetos e Eventos Culturais\"},\"image\":{\"@id\":\"https:\/\/kavantan.com.br\/2016\/#logo\"}},{\"@type\":\"WebSite\",\"@id\":\"https:\/\/kavantan.com.br\/2016\/#website\",\"url\":\"https:\/\/kavantan.com.br\/2016\/\",\"name\":\"Kavantan Projetos e Eventos Culturais\",\"description\":\"\",\"publisher\":{\"@id\":\"https:\/\/kavantan.com.br\/2016\/#organization\"},\"potentialAction\":[{\"@type\":\"SearchAction\",\"target\":{\"@type\":\"EntryPoint\",\"urlTemplate\":\"https:\/\/kavantan.com.br\/2016\/?s={search_term_string}\"},\"query-input\":\"required name=search_term_string\"}],\"inLanguage\":\"pt-BR\"},{\"@type\":\"ImageObject\",\"@id\":\"https:\/\/kavantan.com.br\/2016\/projetos\/realizacoes\/financas-praticas-amor-a-vista\/#primaryimage\",\"inLanguage\":\"pt-BR\",\"url\":\"https:\/\/kavantan.com.br\/2016\/wp-content\/uploads\/2016\/10\/amor-a-vista_009.jpg\",\"contentUrl\":\"https:\/\/kavantan.com.br\/2016\/wp-content\/uploads\/2016\/10\/amor-a-vista_009.jpg\",\"width\":800,\"height\":531},{\"@type\":\"WebPage\",\"@id\":\"https:\/\/kavantan.com.br\/2016\/projetos\/realizacoes\/financas-praticas-amor-a-vista\/#webpage\",\"url\":\"https:\/\/kavantan.com.br\/2016\/projetos\/realizacoes\/financas-praticas-amor-a-vista\/\",\"name\":\"Kavantan Projetos e Eventos Culturais&ndash; Finan\u00e7as Pr\u00e1ticas: Amor \u00e0 Vista\",\"isPartOf\":{\"@id\":\"https:\/\/kavantan.com.br\/2016\/#website\"},\"primaryImageOfPage\":{\"@id\":\"https:\/\/kavantan.com.br\/2016\/projetos\/realizacoes\/financas-praticas-amor-a-vista\/#primaryimage\"},\"datePublished\":\"2016-10-03T13:23:23+00:00\",\"dateModified\":\"2020-01-30T15:17:31+00:00\",\"description\":\"De Leonardo Cortez, o espet\u00e1culo integra o Finan\u00e7as Pr\u00e1ticas, programa de educa\u00e7\u00e3o financeira da Visa comprometido com a forma\u00e7\u00e3o na \u00e1rea\",\"breadcrumb\":{\"@id\":\"https:\/\/kavantan.com.br\/2016\/projetos\/realizacoes\/financas-praticas-amor-a-vista\/#breadcrumb\"},\"inLanguage\":\"pt-BR\",\"potentialAction\":[{\"@type\":\"ReadAction\",\"target\":[\"https:\/\/kavantan.com.br\/2016\/projetos\/realizacoes\/financas-praticas-amor-a-vista\/\"]}]},{\"@type\":\"BreadcrumbList\",\"@id\":\"https:\/\/kavantan.com.br\/2016\/projetos\/realizacoes\/financas-praticas-amor-a-vista\/#breadcrumb\",\"itemListElement\":[{\"@type\":\"ListItem\",\"position\":1,\"name\":\"In\u00edcio\",\"item\":\"https:\/\/kavantan.com.br\/2016\/\"},{\"@type\":\"ListItem\",\"position\":2,\"name\":\"Projetos\",\"item\":\"https:\/\/kavantan.com.br\/2016\/projetos\/\"},{\"@type\":\"ListItem\",\"position\":3,\"name\":\"Realiza\u00e7\u00f5es\",\"item\":\"https:\/\/kavantan.com.br\/2016\/projetos\/realizacoes\/\"},{\"@type\":\"ListItem\",\"position\":4,\"name\":\"Finan\u00e7as Pr\u00e1ticas: Amor \u00e0 Vista\"}]}]}<\/script>\n<!-- \/ Yoast SEO plugin. -->","yoast_head_json":{"title":"Kavantan Projetos e Eventos Culturais&ndash; Finan\u00e7as Pr\u00e1ticas: Amor \u00e0 Vista","description":"De Leonardo Cortez, o espet\u00e1culo integra o Finan\u00e7as Pr\u00e1ticas, programa de educa\u00e7\u00e3o financeira da Visa comprometido com a forma\u00e7\u00e3o na \u00e1rea","robots":{"index":"index","follow":"follow","max-snippet":"max-snippet:-1","max-image-preview":"max-image-preview:large","max-video-preview":"max-video-preview:-1"},"canonical":"https:\/\/kavantan.com.br\/2016\/projetos\/realizacoes\/financas-praticas-amor-a-vista\/","og_locale":"pt_BR","og_type":"article","og_title":"Kavantan Projetos e Eventos Culturais&ndash; Finan\u00e7as Pr\u00e1ticas: Amor \u00e0 Vista","og_description":"De Leonardo Cortez, o espet\u00e1culo integra o Finan\u00e7as Pr\u00e1ticas, programa de educa\u00e7\u00e3o financeira da Visa comprometido com a forma\u00e7\u00e3o na \u00e1rea","og_url":"https:\/\/kavantan.com.br\/2016\/projetos\/realizacoes\/financas-praticas-amor-a-vista\/","og_site_name":"Kavantan Projetos e Eventos Culturais","article_publisher":"https:\/\/www.facebook.com\/KavantanCultural\/","article_modified_time":"2020-01-30T15:17:31+00:00","og_image":[{"width":800,"height":531,"url":"https:\/\/kavantan.com.br\/2016\/wp-content\/uploads\/2016\/10\/amor-a-vista_009.jpg","type":"image\/jpeg"}],"twitter_card":"summary","twitter_misc":{"Est. tempo de leitura":"1 minuto"},"schema":{"@context":"https:\/\/schema.org","@graph":[{"@type":"Organization","@id":"https:\/\/kavantan.com.br\/2016\/#organization","name":"Kavantan Projetos e Eventos Culturais","url":"https:\/\/kavantan.com.br\/2016\/","sameAs":["https:\/\/www.facebook.com\/KavantanCultural\/","http:\/\/instagram.com\/KavantanCultural","https:\/\/www.youtube.com\/channel\/UCb9iwGfNUFnBax2SqznpQYA"],"logo":{"@type":"ImageObject","@id":"https:\/\/kavantan.com.br\/2016\/#logo","inLanguage":"pt-BR","url":"https:\/\/kavantan.com.br\/2016\/wp-content\/uploads\/2016\/09\/Kavantan_319x100.jpg","contentUrl":"https:\/\/kavantan.com.br\/2016\/wp-content\/uploads\/2016\/09\/Kavantan_319x100.jpg","width":319,"height":100,"caption":"Kavantan Projetos e Eventos Culturais"},"image":{"@id":"https:\/\/kavantan.com.br\/2016\/#logo"}},{"@type":"WebSite","@id":"https:\/\/kavantan.com.br\/2016\/#website","url":"https:\/\/kavantan.com.br\/2016\/","name":"Kavantan Projetos e Eventos Culturais","description":"","publisher":{"@id":"https:\/\/kavantan.com.br\/2016\/#organization"},"potentialAction":[{"@type":"SearchAction","target":{"@type":"EntryPoint","urlTemplate":"https:\/\/kavantan.com.br\/2016\/?s={search_term_string}"},"query-input":"required name=search_term_string"}],"inLanguage":"pt-BR"},{"@type":"ImageObject","@id":"https:\/\/kavantan.com.br\/2016\/projetos\/realizacoes\/financas-praticas-amor-a-vista\/#primaryimage","inLanguage":"pt-BR","url":"https:\/\/kavantan.com.br\/2016\/wp-content\/uploads\/2016\/10\/amor-a-vista_009.jpg","contentUrl":"https:\/\/kavantan.com.br\/2016\/wp-content\/uploads\/2016\/10\/amor-a-vista_009.jpg","width":800,"height":531},{"@type":"WebPage","@id":"https:\/\/kavantan.com.br\/2016\/projetos\/realizacoes\/financas-praticas-amor-a-vista\/#webpage","url":"https:\/\/kavantan.com.br\/2016\/projetos\/realizacoes\/financas-praticas-amor-a-vista\/","name":"Kavantan Projetos e Eventos Culturais&ndash; Finan\u00e7as Pr\u00e1ticas: Amor \u00e0 Vista","isPartOf":{"@id":"https:\/\/kavantan.com.br\/2016\/#website"},"primaryImageOfPage":{"@id":"https:\/\/kavantan.com.br\/2016\/projetos\/realizacoes\/financas-praticas-amor-a-vista\/#primaryimage"},"datePublished":"2016-10-03T13:23:23+00:00","dateModified":"2020-01-30T15:17:31+00:00","description":"De Leonardo Cortez, o espet\u00e1culo integra o Finan\u00e7as Pr\u00e1ticas, programa de educa\u00e7\u00e3o financeira da Visa comprometido com a forma\u00e7\u00e3o na \u00e1rea","breadcrumb":{"@id":"https:\/\/kavantan.com.br\/2016\/projetos\/realizacoes\/financas-praticas-amor-a-vista\/#breadcrumb"},"inLanguage":"pt-BR","potentialAction":[{"@type":"ReadAction","target":["https:\/\/kavantan.com.br\/2016\/projetos\/realizacoes\/financas-praticas-amor-a-vista\/"]}]},{"@type":"BreadcrumbList","@id":"https:\/\/kavantan.com.br\/2016\/projetos\/realizacoes\/financas-praticas-amor-a-vista\/#breadcrumb","itemListElement":[{"@type":"ListItem","position":1,"name":"In\u00edcio","item":"https:\/\/kavantan.com.br\/2016\/"},{"@type":"ListItem","position":2,"name":"Projetos","item":"https:\/\/kavantan.com.br\/2016\/projetos\/"},{"@type":"ListItem","position":3,"name":"Realiza\u00e7\u00f5es","item":"https:\/\/kavantan.com.br\/2016\/projetos\/realizacoes\/"},{"@type":"ListItem","position":4,"name":"Finan\u00e7as Pr\u00e1ticas: Amor \u00e0 Vista"}]}]}},"_links":{"self":[{"href":"https:\/\/kavantan.com.br\/2016\/wp-json\/wp\/v2\/pages\/122","targetHints":{"allow":["GET"]}}],"collection":[{"href":"https:\/\/kavantan.com.br\/2016\/wp-json\/wp\/v2\/pages"}],"about":[{"href":"https:\/\/kavantan.com.br\/2016\/wp-json\/wp\/v2\/types\/page"}],"author":[{"embeddable":true,"href":"https:\/\/kavantan.com.br\/2016\/wp-json\/wp\/v2\/users\/1"}],"replies":[{"embeddable":true,"href":"https:\/\/kavantan.com.br\/2016\/wp-json\/wp\/v2\/comments?post=122"}],"version-history":[{"count":11,"href":"https:\/\/kavantan.com.br\/2016\/wp-json\/wp\/v2\/pages\/122\/revisions"}],"predecessor-version":[{"id":1108,"href":"https:\/\/kavantan.com.br\/2016\/wp-json\/wp\/v2\/pages\/122\/revisions\/1108"}],"up":[{"embeddable":true,"href":"https:\/\/kavantan.com.br\/2016\/wp-json\/wp\/v2\/pages\/40"}],"wp:featuredmedia":[{"embeddable":true,"href":"https:\/\/kavantan.com.br\/2016\/wp-json\/wp\/v2\/media\/132"}],"wp:attachment":[{"href":"https:\/\/kavantan.com.br\/2016\/wp-json\/wp\/v2\/media?parent=122"}],"curies":[{"name":"wp","href":"https:\/\/api.w.org\/{rel}","templated":true}]}}